visor of 2360 and 227327?
59
What is the greatest common divisor of 884 and 20411118?
442
What is the greatest common factor of 365659853 and 26?
13
Calculate the greatest common factor of 2055281288 and 3826.
3826
What is the highest common factor of 7915248 and 39450?
1578
Calculate the highest common divisor of 88585439 and 1.
1
Calculate the greatest common factor of 795172154 and 532.
266
What is the greatest common divisor of 3328 and 7260032?
1664
What is the highest common factor of 71856239 and 134974?
2177
What is the greatest common divisor of 3934 and 33684875?
1967
What is the highest common divisor of 210 and 732929610?
210
What is the highest common divisor of 100 and 1745462200?
100
Calculate the highest common factor of 2072 and 234549623.
259
What is the highest common divisor of 10944 and 33708546?
342
Calculate the greatest common factor of 5859 and 7272321.
651
Calculate the highest common factor of 212736684 and 762.
762
What is the highest common divisor of 642 and 8404208?
214
What is the highest common divisor of 272800 and 10350?
50
What is the greatest common factor of 19990 and 16700?
10
What is the greatest common factor of 181 and 118603327?
181
Calculate the greatest common divisor of 550 and 128376550.
50
Calculate the highest common divisor of 6948 and 10942328.
772
What is the greatest common divisor of 21170 and 514025?
145
What is the highest common divisor of 7567625 and 104000?
1625
What is the greatest common factor of 7969940 and 2992?
748
What is the highest common factor of 96117516 and 378?
54
Calculate the greatest common divisor of 252 and 3126144.
84
What is the highest common factor of 66 and 53141406?
6
Calculate the greatest common factor of 9500 and 626300.
100
Calculate the highest common factor of 1305 and 3621027.
87
Calculate the highest common factor of 5997664 and 493.
29
Calculate the greatest common factor of 69915625 and 1875.
625
Calculate the greatest common factor of 11153 and 1915181.
19
Calculate the greatest common factor of 324672 and 1554048.
3648
Calculate the highest common factor of 20412 and 217044.
36
Calculate the highest common factor of 13673 and 31820800.
1243
What is the highest common factor of 1963 and 121446431?
151
Calculate the greatest common factor of 208243819 and 114.
19
Calculate the highest common factor of 84 and 186516240.
12
What is the greatest common factor of 60858 and 105056?
98
What is the highest common divisor of 93041 and 407507?
17
Calculate the greatest common divisor of 292227 and 38350.
767
Calculate the highest common divisor of 63280 and 12533395.
3955
What is the highest common divisor of 248151 and 25159?
181
What is the highest common factor of 5710991 and 2431?
143
Calculate the highest common factor of 277983 and 1731.
3
What is the highest common divisor of 145432 and 2548?
196
Calculate the highest common factor of 2301 and 22506081.
2301
What is the greatest common factor of 122298 and 26928?
1122
What is the greatest common factor of 8 and 21378952?
8
What is the greatest common factor of 8026713 and 9?
9
What is the highest common divisor of 17095 and 5030401?
263
What is the highest common divisor of 2225058 and 6402?
66
Calculate the greatest common factor of 27730 and 5135065.
295
Calculate the greatest common factor of 222 and 116847554.
74
Calculate the highest common divisor of 22497089 and 19884.
1657
What is the greatest common factor of 1850082 and 234?
78
What is the highest common divisor of 1016 and 4503144?
8
Calculate the greatest common divisor of 1256 and 78663123.
157
Calculate the greatest common factor of 180260087 and 6251.
6251
What is the greatest common factor of 534625 and 64766?
611
Calculate the greatest common factor of 174784 and 10710982.
5462
What is the greatest common factor of 22240685 and 1205?
1205
What is the greatest common factor of 493592 and 26128?
568
Calculate the greatest common divisor of 655 and 49895411.
131
What is the greatest common factor of 317293211 and 382?
191
Calculate the greatest common divisor of 412294 and 13082.
422
What is the greatest common factor of 16 and 210841632?
16
What is the greatest common factor of 1056380 and 521560?
4420
Calculate the highest common divisor of 27004 and 3570180.
628
Calculate the greatest common factor of 266496 and 53792.
32
Calculate the greatest common factor of 6537580 and 469910.
3430
Calculate the greatest common divisor of 65048 and 101144.
376
What is the greatest common divisor of 119496102 and 4494?
642
Calculate the greatest common factor of 1733833 and 2950.
59
What is the highest common factor of 382899 and 1005499?
3113
What is the greatest common divisor of 4781952 and 49?
7
Calculate the greatest common divisor of 14042 and 577596607.
7021
Calculate the greatest common factor of 1888272 and 750384.
1296
Calculate the greatest common divisor of 210096 and 3708.
36
Calculate the highest common divisor of 401274 and 3726.
162
Calculate the greatest common divisor of 2043 and 12705871.
227
What is the greatest common factor of 6223 and 15358?
7
Calculate the greatest common divisor of 91388 and 5816404.
2948
What is the highest common factor of 4970676 and 22386?
246
What is the highest common factor of 49988701 and 20083?
1057
What is the greatest common factor of 9412 and 18536934?
4706
What is the highest common divisor of 38988 and 928492?
1444
Calculate the greatest common factor of 4112362 and 280530.
2078
Calculate the highest common divisor of 19123 and 2513939.
1471
What is the highest common factor of 9302 and 72960237?
4651
What is the greatest common divisor of 8944 and 986764?
172
Calculate the highest common factor of 2074 and 10306316.
122
Calculate the highest common factor of 816251186 and 92.
46
Calculate the greatest common divisor of 253 and 858107.
23
What is the highest common factor of 86370208 and 70688?
1504
What is the greatest common divisor of 30640 and 775120?
80
What is the greatest common divisor of 2057 and 30865846?
187
Calculate the greatest common divisor of 23108 and 221149337.
5777
What is the highest common divisor of 1276776338 and 47?
47
What is the highest common divisor of 250 and 5565075?
25
Calculate the highest common divisor of 1939490 and 66332.
1442
What is the highest common factor of 16896627 and 135?
27
Calculate the highest common divisor of 18382 and 10009706.
1414
What is the greatest common factor of 438 and 6043650?
6
What is the greatest common divisor of 1058 and 88649291?
529
Calculate the greatest common factor of 7720362 and 18.
18
Calculate the highest common divisor of 10775 and 1442557.
431
What is the highest common factor of 3658 and 23584955?
1829
Calculate the highest common factor of 105489744 and 72.
24
What is the greatest common factor of 43 and 42950593?
43
Calculate the highest common divisor of 2652 and 10540680.
204
What is the highest common divisor of 84 and 29068668?
12
Calculate the highest common factor of 44949 and 69.
3
What is the greatest common factor of 90 and 475545375?
45
Calculate the highest common factor of 16668 and 22644.
36
What is the greatest common divisor of 872 and 1604371?
109
What is the greatest common factor of 7587 and 82512?
27
Calculate the highest common factor of 10639081 and 3561.
1187
Calculate the greatest common factor of 29736675 and 1788.
447
What is the greatest common factor of 88863174 and 2790?
558
What is the highest common divisor of 11718022 and 798?
38
Calculate the greatest common divisor of 15220719 and 10512.
657
What is the highest common factor of 21572 and 612?
4
What is the highest common divisor of 63 and 1122930?
9
What is the greatest common divisor of 724824531 and 243?
243
Calculate the greatest common factor of 396 and 22014124.
44
What is the highest common divisor of 6115850 and 790550?
4850
Calculate the greatest common factor of 1216 and 35884736.
64
Calculate the highest common divisor of 517563 and 212193.
783
Calculate the greatest common divisor of 44622 and 389404.
134
Calculate the highest common divisor of 317 and 264385925.
317
Calculate the greatest common divisor of 770 and 403513.
11
What is the greatest common divisor of 2458372 and 798?
266
What is the highest common factor